= -62, 0 = o - 9*j + 6*j - 23. What is the remainder when o is divided by 12?
5
Suppose 3*u + 7*t - 3*t = -14, -2*t = 5*u. Suppose -22 = -u*l + l. Calculate the remainder when (-3)/(260/(-645) + 2/6) is divided by l.
21
Let k = 5 + 1. What is the remainder when 92 is divided by 24 + (k/(-15) - 4/(-10))?
20
Let z(t) = t**2 - 21*t - 28. What is the remainder when 214 is divided by z(24)?
38
Calculate the remainder when (-346)/(-14) - 4/(-14) is divided by (1/(-3))/((-3)/117).
12
Let g(t) = -37*t**2 - 31*t**2 + 67*t**2 - 13 + 16*t. What is the remainder when 82 is divided by g(11)?
40
Let v be (-6)/4*8/12. Let k(r) = -209*r**3 - 2*r**2 - r. Let f be k(v). Suppose f = 3*a - 32. Calculate the remainder when a is divided by 27.
26
Let m(q) = -116*q**3 - 3*q**2 + 3*q + 4. Calculate the remainder when 910 is divided by m(-1).
112
Suppose -419*o + 469 = -412*o. Calculate the remainder when o is divided by 24.
19
Suppose -83 = -7*j + 414. Calculate the remainder when 211 is divided by j.
69
Let g = 48 - 47. Suppose 3*q - 5*q = -20. Suppose -3*k - 2 = -i, 9*i + 5*k - q = 4*i. What is the remainder when i is divided by g?
0
Suppose -1 - 27 = -r. Let a be (-2)/(1 + (-20)/r). Let k = a + 16. Calculate the remainder when 26 is divided by k.
8
Suppose 0 = 8*z - 64 - 16. Suppose -x + 24 = x - 3*m, 5*m + z = 0. What is the remainder when (-1 + -12)/((-2)/4) is divided by x?
8
Let h(x) = x**3 - 5*x**2 - 4*x + 13. Calculate the remainder when 39 is divided by h(6).
14
Let t be 61 - 4 - 1/1. Suppose -t = -4*m + 304. Suppose -2*x = d + 3*d - 176, 2*d = -2*x + m. Calculate the remainder when d is divided by 11.
10
Let j(n) = n**3 + 15*n**2 + 11*n - 24. Let s be ((-16)/10)/(4/(-30)). What is the remainder when (-205)/(-4) + s/16 is divided by j(-14)?
16
Suppose -16*s + 12 = -12*s. Suppose -177 = -5*n + s. What is the remainder when 141 is divided by n?
33
Suppose -80 = d - 3*d. Let h = 1652 + -1646. Calculate the remainder when d is divided by h.
4
Let h(p) = p**2 + 6*p - 3. Calculate the remainder when 141 is divided by h(-11).
37
Let s(g) = 27*g**3 + g**2 - g. Calculate the remainder when s(2) is divided by 80.
58
Let l = 330 - 306. Calculate the remainder when 95 is divided by l.
23
Let s = 987 + -929. Calculate the remainder when s is divided by 22.
14
Suppose -12*h + 106 = -10*h. Suppose 25 = w - h. Suppose -4*o + w - 26 = 0. What is the remainder when 38 is divided by o?
12
Let n = 474 - 466. Let s = 17 - 12. What is the remainder when n is divided by s?
3
Let z = 30 + -15. Suppose -l = -5*g - z, -l + 2 = l + 4*g. Let u(f) = f**3 + 4*f**2 + 3*f + 3. Calculate the remainder when l is divided by u(-3).
2
Suppose -12*u + 10*u = 3*m - 271, -4*m = 2*u - 360. What is the remainder when 266 is divided by m?
88
Let g(f) = f**3 - 10*f**2 + 19*f - 85. Calculate the remainder when 52 is divided by g(9).
2
Suppose 4*m - 4*s - 272 = 0, m - 11*s = -7*s + 56. What is the remainder when 572 is divided by m?
68
Let r = -163 + 348. Let t = r + -131. What is the remainder when t is divided by 19?
16
Suppose -5*f = 2*w - 2432 + 84, -w - 1400 = -3*f. What is the remainder when 102 is divided by (1/3)/(6/f)?
24
Suppose 0 = -8*n + 1401 + 1631. Suppose -3*l = -3*i + 5*i - n, 2 = -2*i. Let c(z) = 5*z**2 - 3*z - 4. Calculate the remainder when l is divided by c(3).
31
Let u(x) = -7*x**3 - 3*x**2 + 2*x + 1. Let r(z) = -14*z**3 - 6*z**2 + 5*z + 1. Let a(s) = 3*r(s) - 7*u(s). What is the remainder when a(2) is divided by 23?
20
Let n = -510 + 496. Let x(j) be the second derivative of -j**3/6 - 3*j**2 - j. What is the remainder when 23 is divided by x(n)?
7
Suppose 2*c - 74 = 10. Suppose -2*q + 1342 = 9*q. What is the remainder when q is divided by c?
38
Let v(f) = -25*f + 196. What is the remainder when 62 is divided by v(7)?
20
Let n(i) = i**3 - 6*i**2 - 7*i + 11. Let u be n(7). Suppose 0 = -3*p + 52 + u. Let f = 14 - 6. Calculate the remainder when p is divided by f.
5
Let j = -84 - -248. What is the remainder when j is divided by 24?
20
Let p = 645 - 418. What is the remainder when p is divided by 46?
43
Let j(h) = -66*h + 9. Let z = -5 - 1. Let v(q) = 33*q - 5. Let o(i) = z*j(i) - 11*v(i). Calculate the remainder when o(2) is divided by 14.
11
Suppose 0 = w - 4*m - 27, 3*w + 0*w + 2*m - 53 = 0. Let k = w - 7. Let l(j) = 3*j**2 + 7*j - 2. Calculate the remainder when l(3) is divided by k.
10
Suppose -3*j + 62 = -j. Suppose 11 = -4*x + j. Suppose 2*u + 2*u = 48. What is the remainder when u is divided by x?
2
Let x(z) = -19*z + 10. Suppose -4*j + 9*j = 50. Calculate the remainder when j is divided by x(0).
0
Suppose -5*h = -7 - 13. Suppose h*v - 9*v = -50. Suppose -d + 4 = 0, -g - 3*d + 16 = -0*g. What is the remainder when v is divided by g?
2
Let o be 3 - (-4 + 19/(-1)). Suppose -5*v + 3*v = o. Let t = v - -24. What is the remainder when 19 is divided by t?
8
Suppose 4*r = -16, 4*r + 268 = 4*j - 36. What is the remainder when 1797 is divided by j?
69
Let a(f) be the third derivative of -f**5/60 + f**4/4 + 5*f**3/6 - 6*f**2. Let d be a(8). Let p = d - -18. Calculate the remainder when 12 is divided by p.
5
Suppose m = -2*n + 3, 0 = -n - n - 5*m + 7. Let t be n*(2 + (5 - 3)). Suppose -34 = -t*l + 6. What is the remainder when 17 is divided by l?
7
What is the remainder when 1*10*(987/210 + (-1)/(-10)) is divided by (28/6)/(4/6)?
6
Suppose 5*k - p + 377 = 2659, 5*k - 5*p - 2270 = 0. Calculate the remainder when k is divided by 27.
25
Suppose 2*y + 17 = 7. Let m(u) = 2*u**2 - 6*u - 37. Calculate the remainder when 126 is divided by m(y).
40
Let x(p) = -p**2 - 10*p - 2. Let d be x(-7). Calculate the remainder when 29 is divided by d + (0 - (-16)/(-4)).
14
Suppose 48*o - 154 = 41*o. Calculate the remainder when 192 is divided by o.
16
Let f = -493 - -555. What is the remainder when 92 is divided by f?
30
What is the remainder when 568 is divided by 680/26 + (-2)/52*4?
22
Suppose -6*n - 344 = -500. Let h = 114 + -57. Calculate the remainder when h is divided by n.
5
Let j = -20 - -19. What is the remainder when 7 is divided by 1 + j + (-1 - 0) + 3?
1
Suppose 336 = 3*d + 18. Suppose -95 = 12*c - 17*c. Let b = c + d. Calculate the remainder when b is divided by 32.
29
Let p(o) = 0*o**2 + o**2 - 13 + 0*o - o. Suppose 0 = 3*g + 2*g + 30. What is the remainder when p(g) is divided by 10?
9
Let u = -745 - -778. Calculate the remainder when 196 is divided by u.
31
Let w(d) = 10*d + 12. Let i be w(-8). Let q be (32/(-6))/(2/(-42)). Let r = i + q. Calculate the remainder when r is divided by 12.
8
Suppose 2*k + 0*l + 5*l = 18, 3*k - 4*l - 73 = 0. Let g = -131 + 280. Calculate the remainder when g is divided by k.
16
Suppose -10*j - 8*j = -576. Suppose 3*q + 2*q = 310. Calculate the remainder when q is divided by j.
30
Let y be 18 - 5*(-5)/(-25). Let n = -3 + y. What is the remainder when 35 is divided by n?
7
Let b(k) = -k**3 + 5*k**2 - k - 8. Let j be b(4). Suppose -x = -3*x - j. Let d = x + 19. Calculate the remainder when d is divided by 10.
7
Let x(z) = -8*z - 51. Let h be x(-6). Suppose -15 - 15 = 3*m. Let f = h - m. Calculate the remainder when f is divided by 3.
1
Let o(w) = -15*w**2 + 2. Let x(g) = 46*g**2 + g - 6. Let c(i) = -7*o(i) - 2*x(i). Let q(h) = 2*h**2 - 4*h. What is the remainder when c(2) is divided by q(4)?
14
Let o = -426 - -639. Suppose 5*t - 2*g - 48 = 0, -g + 1706 - 1748 = -4*t. Calculate the remainder when o is divided by t.
9
Suppose q = -3*q + 88. Let s = -22 + q. Calculate the remainder when 115 is divided by (s - -29)/(2/2).
28
Suppose 4*c + 14 = -5*i + 6*i, -2*c = 5*i - 92. Suppose -2*d - i = -5*d. Let l = 25 + -21. What is the remainder when d is divided by l?
2
Let w be (-4)/((-6)/(-6)) + 4. Let k(q) = 35 - 3*q**2 + q**2 + q**2 - q**3. Calculate the remainder when k(w) is divided by 9.
8
Suppose -16 = -4*f, 3*f + 180 - 42 = 2*d. What is the remainder when d is divided by 15?
0
Suppose 2*h - 4*h + 3*o + 25 = 0, 0 = h + 4*o - 7. Let d = 4 + 1. Calculate the remainder when h is divided by (-116)/(-20) - (-1)/d.
5
Let g = -145 + 168. What is the remainder when 29 is divided by g?
6
Suppose u + 3 - 5 = 0. Suppose 4*d = -0*d - 4*h + 24, -14 = -3*d - 4*h. Calculate the remainder when d is divided by u.
0
Let y(u) = -u**2 - 19*u + 37. Let h be y(-17). Let q = -48 + h. What